or of 77 and 17283.
7
Calculate the greatest common factor of 38184 and 19866.
258
Calculate the greatest common divisor of 18509 and 8051.
83
What is the highest common factor of 9 and 4224573?
9
What is the highest common factor of 1015 and 9937865?
1015
What is the highest common factor of 48 and 3984?
48
Calculate the highest common divisor of 78 and 23114.
26
What is the highest common factor of 1971 and 3123?
9
Calculate the greatest common divisor of 186628 and 468.
52
Calculate the greatest common factor of 127424 and 64.
64
What is the highest common divisor of 569160 and 5610?
510
What is the highest common factor of 386 and 5849058?
386
Calculate the greatest common divisor of 70248 and 33.
3
What is the greatest common factor of 480564 and 18?
18
Calculate the highest common divisor of 912 and 29013.
57
Calculate the highest common factor of 824006 and 464.
58
Calculate the highest common divisor of 31374 and 6048.
378
What is the greatest common divisor of 6296980 and 5?
5
What is the greatest common divisor of 27 and 312192?
9
What is the highest common factor of 15217503 and 21?
21
Calculate the highest common divisor of 1880 and 1954072.
376
Calculate the highest common divisor of 3953 and 3.
1
Calculate the greatest common divisor of 1098124 and 38.
38
What is the highest common divisor of 75 and 58335?
15
Calculate the highest common factor of 423 and 678351.
141
Calculate the greatest common divisor of 316662 and 623.
89
Calculate the greatest common divisor of 48429 and 27.
9
Calculate the highest common factor of 7441 and 917.
7
What is the highest common divisor of 770994 and 3306?
174
What is the greatest common factor of 43 and 60028?
43
What is the greatest common factor of 2430 and 5715?
45
Calculate the greatest common factor of 54 and 227538.
18
What is the highest common factor of 300 and 1452?
12
What is the highest common divisor of 2385920 and 699?
233
What is the highest common divisor of 282752 and 256?
128
What is the greatest common factor of 90698 and 2222?
202
What is the greatest common divisor of 208 and 164216?
104
What is the greatest common divisor of 6897 and 489?
3
What is the greatest common divisor of 2373 and 8588?
113
What is the greatest common factor of 18 and 1464?
6
What is the highest common divisor of 16769 and 8998?
409
Calculate the greatest common factor of 861 and 24600.
123
What is the greatest common divisor of 896 and 36862?
14
What is the highest common factor of 50556 and 396?
132
Calculate the greatest common divisor of 14695 and 5.
5
What is the highest common factor of 24269 and 42?
7
What is the greatest common factor of 648615 and 495?
165
What is the greatest common factor of 637 and 16016?
91
What is the greatest common factor of 63 and 90447?
21
What is the greatest common factor of 5824 and 4130672?
1456
Calculate the highest common divisor of 20 and 209930.
10
Calculate the highest common divisor of 356433 and 21.
21
What is the greatest common factor of 13126 and 38?
2
Calculate the highest common divisor of 481224 and 48.
24
Calculate the greatest common factor of 14170 and 654.
218
Calculate the highest common factor of 13140 and 720.
180
What is the highest common factor of 1620 and 2620?
20
Calculate the highest common factor of 364 and 10108.
28
Calculate the greatest common divisor of 211640 and 1375.
55
What is the highest common factor of 584 and 10366?
146
What is the highest common divisor of 54516 and 16402?
118
Calculate the highest common divisor of 2860 and 3100.
20
What is the highest common factor of 992 and 40238?
62
What is the highest common factor of 80 and 472232?
8
What is the greatest common divisor of 4929 and 1749?
159
What is the highest common divisor of 31459 and 652?
163
Calculate the greatest common divisor of 25605 and 45.
45
Calculate the highest common factor of 1750 and 5705.
35
What is the greatest common factor of 18648 and 3906?
126
What is the greatest common divisor of 18161 and 180213?
1397
What is the highest common factor of 479 and 5856733?
479
What is the highest common divisor of 21461 and 11?
11
What is the greatest common factor of 686712 and 62?
62
What is the greatest common factor of 1820 and 6615?
35
What is the highest common divisor of 4878 and 351?
9
Calculate the highest common divisor of 5886 and 5014.
218
What is the highest common divisor of 395 and 11085?
5
Calculate the highest common divisor of 49200 and 48175.
1025
What is the highest common factor of 816 and 1536?
48
What is the highest common factor of 11525 and 2025?
25
What is the highest common divisor of 1121765 and 2355?
785
What is the greatest common factor of 42 and 4521692?
14
Calculate the highest common divisor of 381 and 73279.
127
What is the greatest common factor of 6 and 235486?
2
Calculate the greatest common divisor of 28 and 895468.
28
What is the greatest common factor of 3792 and 13035?
237
Calculate the greatest common factor of 734580 and 110.
110
What is the highest common factor of 35698 and 208?
26
What is the highest common factor of 30935 and 2300?
115
Calculate the greatest common divisor of 580 and 58145.
145
What is the greatest common factor of 377077 and 25789?
697
What is the greatest common factor of 12 and 647952?
12
What is the highest common factor of 2104479 and 819?
117
Calculate the highest common divisor of 2214 and 7298.
82
Calculate the greatest common factor of 95930 and 30210.
530
Calculate the highest common divisor of 778101 and 1198.
599
Calculate the highest common factor of 1695542 and 118.
118
What is the greatest common divisor of 1886 and 34030?
82
Calculate the greatest common divisor of 237672 and 24.
24
What is the greatest common divisor of 154284 and 129?
129
What is the greatest common factor of 891 and 55561?
11
Calculate the greatest common divisor of 1128 and 405516.
564
Calculate the greatest common divisor of 3598 and 5922.
14
What is the greatest common divisor of 95 and 1160?
5
What is the highest common factor of 98 and 42973?
49
What is the greatest common divisor of 1746 and 149962?
194
Calculate the highest common divisor of 17 and 2737.
17
What is the greatest common factor of 867 and 109531?
289
What is the greatest common divisor of 156 and 106938?
78
Calculate the greatest common divisor of 5922 and 2021.
47
Calculate the greatest common factor of 3861 and 66638.
143
Calculate the greatest common divisor of 105566 and 16.
2
Calculate the greatest common factor of 20846 and 42.
14
Calculate the highest common factor of 3104850 and 42.
42
Calculate the highest common divisor of 27600 and 550.
50
Calculate the greatest common factor of 493 and 4760.
17
Calculate the greatest common factor of 16 and 1216.
16
What is the highest common factor of 625 and 4425?
25
Calculate the highest common factor of 5343352 and 688.
344
Calculate the highest common divisor of 72 and 31761.
9
Calculate the highest common divisor of 6050433 and 1119.
1119
Calculate the greatest common factor of 121862 and 1290.
86
Calculate the highest common factor of 490 and 784.
98
Calculate the highest common divisor of 4455 and 31833.
81
Calculate the greatest common factor of 14490 and 1155.
105
Calculate the highest common divisor of 182 and 707.
7
Calculate the greatest common divisor of 10 and 15104.
2
Calculate the greatest common factor of 109851 and 483.
21
Calculate the greatest common factor of 448 and 784.
112
Calculate the highest common factor of 63 and 78417.
9
Calculate the greatest common factor of 3721 and 61.
61
Calculate the highest common factor of 575 and 9637.
23
Calculate the greatest common factor of 928 and 2363500.
116
What is the highest common divisor of 7 and 6629?
7
Calculate the greatest common factor of 1125 and 5805375.
375
Calculate the highest common divisor of 18768646 and 442.
442
Calculate the highest common divisor of 36 and 4548564.
36
Calculate the highest common factor of 156 and 34437.
39
What is the highest common factor of 186 and 14814?
6
What is the greatest common factor of 31 and 447547?
31
Calculate the highest common factor of 64325 and 10.
5
What is the greatest common factor of 12 and 333588?
12
Calculate the greatest common factor of 2738745 and 315.
45
Calcula